1474))*(-1 - -2) a prime number?
True
Let i be 3/(-1) + -32 + (1 - 4). Let v = i - -41. Suppose 2367 = v*r - 3*p, 4*r + 3*p - 1888 = 1240. Is r a prime number?
False
Let z = -9718 - -66833. Is z composite?
True
Let u be (-11)/(-22)*(-1 - 1)*-23. Let d be (u/46)/(2/3120). Let g = 289 + d. Is g prime?
True
Let r(m) = 9*m - 8*m - 3 - 2*m + 8. Let g be r(0). Suppose -1503 = -4*l + 5*s, 6*l - g*l + 3*s = 397. Is l a composite number?
True
Let d be (-15)/60 - (-2)/(-8)*-1. Suppose d = -2*o + 7*o - 1455. Is o composite?
True
Suppose q - 4 = -q. Let c be 8/(-2) + 3276/(q - -2). Suppose 0 = -4*s + 9*s - c. Is s a composite number?
False
Suppose -3*x = 3*m - 1242, -5*m - 864 + 2962 = -2*x. Let n = 343 + -94. Let u = m + n. Is u a composite number?
True
Suppose 4743162 - 2940063 = 51*w - 4758408. Is w a composite number?
False
Suppose 7 = g - x, 11*g + 40 = 15*g + 2*x. Let y(l) = 10*l**3 - 20*l**2 + 9*l - 14. Is y(g) a composite number?
False
Let h(k) = 52935*k**3 - 10*k**2 + 10*k + 2. Is h(1) prime?
True
Let y(q) = -292*q**3 - q + 16. Let h = -408 - -405. Is y(h) composite?
True
Is -3*7 + (81 - 71) + 21444 a prime number?
True
Let d be (34588/8 + 1)*2. Let u = -15294 + d. Let f = u + 12248. Is f a composite number?
True
Let g(f) = -3*f**2 + 18*f + 27. Let m be g(16). Let b = -242 - m. Is b prime?
True
Suppose 7*q = 2*q - 5*m - 4835, 0 = 5*q - m + 4805. Let c = -385 - q. Is c prime?
True
Let l = 1130182 - 105195. Is l composite?
False
Let i = -181 - -245. Is 3/(-24) + 208584/i a prime number?
True
Let t = 144 + 88. Let m = -123 + t. Suppose -v - 5*f = -m, v + 5*f - 218 = -v. Is v a composite number?
False
Let t be (2 - 4)/((-4)/(-8)). Suppose 0 = -2*c - 3*s - 7, c - 4 = 4*c - 2*s. Is c + 216 + t + -1 prime?
False
Let h(x) = -108*x - 2803. Is h(-77) a prime number?
False
Let j(t) = 47*t + 299. Let i be 29/3 + (-61)/(-183). Is j(i) a composite number?
False
Let d = -140 - -139. Let y be 1 + (-6)/4*(-6)/(-9). Is 293*(d + y)/(-1) a prime number?
True
Let w(f) = 3*f - 9*f - f + 25 - 12*f. Let q(g) = 38*g - 50. Let x(r) = -4*q(r) - 7*w(r). Is x(-8) composite?
True
Suppose 199*b + 361462 = -202*b + 403*b. Is b a composite number?
False
Suppose 52622 = 5*l - 5*p - 27808, 32170 = 2*l - 4*p. Is l a composite number?
False
Let x(i) be the second derivative of -i**5/20 - 11*i**4/12 - 13*i**3/6 - 23*i**2/2 + i. Let g be x(-10). Suppose g*v = -269 + 2026. Is v composite?
False
Let g be 15/(-9)*(-7 - -4). Is 17/(-3 + g*(-17412)/(-29010)) composite?
True
Suppose 3*m - 26 = -8. Suppose 13 = m*c + 1. Is (-4 - -11) + -5 + 1954/c prime?
False
Suppose 4*h + 3*l = 79082, 220*l = 2*h + 219*l - 39526. Is h prime?
False
Suppose -v - a + 39135 = 0, 4*a - 3*a = 4*v - 156525. Suppose -21*d = -9*d - v. Is d a composite number?
True
Let v = -317794 - -564323. Is v composite?
True
Let u = 8 - -16. Let t = -12 - -15. Suppose -t*k + 141 + u = 0. Is k a composite number?
True
Let h(s) = 369*s**3 - 6*s**2 + 10*s + 85. Is h(4) a prime number?
False
Suppose 3*l + 18 = 0, 3*m - 4*l = m + 24782. Is m a composite number?
False
Let s = 36661 - -2722. Is s a composite number?
False
Is (-7)/(-70)*-656024*25/(-10) prime?
False
Suppose -9*c - 9 = -54. Suppose -c*i + 8196 = -2*i - 3*b, i = 4*b + 2735. Suppose 5*t = -3*s + 4098, -2*s + 4*s + 3*t - i = 0. Is s a prime number?
True
Suppose -3*y = 4*u - 16, 8 = 2*u - y + 4*y. Suppose -11563 = -u*g + 5521. Is g composite?
False
Suppose 988941 = 8*g + 4*g - 1830639. Is g composite?
True
Suppose 8*p + 1370457 = 4*l + 7*p, -4*l + 1370472 = -4*p. Is l a composite number?
True
Suppose 22*o - 1712729 + 375283 = 0. Is o composite?
False
Suppose 3*i = -n - 63 + 13, 5*n = 5*i + 70. Let r be i*2/(-3) - 2/3. Suppose 0 = 5*d + r, -4*j + 0*j + 3*d + 2530 = 0. Is j prime?
True
Let p(g) = -663*g - 36. Let o be p(12). Let t = -4891 - o. Is t a prime number?
False
Let z(r) = 6*r - 48. Let v be z(9). Suppose -4330 = -v*y + 71360. Suppose -o + 4*o = -m + 3152, -5*o + y = 4*m. Is m a composite number?
True
Suppose 5*i - 5*q - 223096 = 2*i, 3*q = -3*i + 223080. Is i prime?
False
Let h = -17 - -13. Let j be (-75)/30*(-2 + h/(-10)). Suppose 2*d + 5*y + 1239 = 3*d, j*y - 6253 = -5*d. Is d a composite number?
False
Suppose 6*k + 17625 = 85125. Let c = k + -7139. Is c composite?
False
Suppose 3*m - 2*s + s = 41, 2*s - 16 = -m. Let x(b) = -m*b + 5 + 21*b + 54*b. Is x(4) a composite number?
True
Let i(y) = 5160*y + 31. Let b(z) = 2*z**3 - 18*z**2 + 19*z - 23. Let p be b(8). Is i(p) composite?
True
Let a be (-2 - 12/(-4))/((-2)/1822). Let i = -112 + a. Let h = i + 1654. Is h a composite number?
False
Let l = -27368 + 93283. Is l prime?
False
Let j be 0 + -5 + 6 - (0 - 1). Suppose -4*q - 4*u + 8025 = -u, -j*q = 5*u - 4023. Suppose -2*h + y - 274 = -1619, 3*y = -3*h + q. Is h a composite number?
True
Suppose -s + 51789 = 161*h - 157*h, 0 = -2*s + h + 103596. Is s a composite number?
False
Is 6833*(-46)/(-8) + (-4)/(-48)*-9 a prime number?
False
Let t = 116538 + -59701. Is t a composite number?
True
Let o(m) = 123*m**2 - 7*m + 3. Let c be o(-3). Let g be (-6)/15 + 31708/20. Suppose -4*n + c = -g. Is n prime?
False
Suppose -4*a = -7*u + 2*u + 651225, 130261 = u - 4*a. Is u prime?
True
Let j(l) = -l**3 - 3*l**2 + l + 3. Let i be j(-3). Suppose -2*p - 33 + 53 = 0. Let y = i + p. Is y composite?
True
Let c be (-2 - 3) + 9/3. Let w(o) = o**2 + 48*o - 2. Let i be w(-48). Is i/(-3)*(-429)/c a prime number?
False
Suppose -4*w + 0*w + 2*n = -103568, -5*n = -3*w + 77669. Let d = 60016 - w. Is d a composite number?
False
Let k(d) = -2*d**2 - 19*d + 12. Let p be k(-10). Let j be (p - -2)/((-2)/6). Let q = 35 - j. Is q composite?
False
Suppose 919*k = 877*k + 49047558. Is k prime?
True
Suppose 871*u - 843*u - 1829492 = 0. Is u composite?
True
Suppose 4*n + 5*y - 95974 = 40034, 0 = n - 5*y - 33977. Is n a prime number?
True
Suppose -36*u = 37*u - 8*u - 3458845. Is u a prime number?
False
Suppose -57*s = 119*s - 13266917 - 860427. Is s a prime number?
False
Suppose -22*o + 5376195 - 398057 = 0. Is o a composite number?
True
Suppose 5*h = 3*g - 1613956, -94*h - 1613951 = -3*g - 90*h. Is g a composite number?
True
Let b(w) = -38*w + 20. Let g(o) = 39*o - 21. Let r(a) = -2*b(a) - 3*g(a). Let k be r(-10). Let y = 740 - k. Is y a composite number?
False
Let o(j) = 2*j**2 - 15*j - 6. Let s be o(8). Suppose r = -2*m - 644 - 1232, -s*m - 3*r = 1880. Is m*3/(-15) + (-8)/20 composite?
True
Suppose 35 = -5*b + 7*n - 5*n, -2*b - 3*n - 14 = 0. Is (-2)/b + (-153666)/(-42) composite?
False
Suppose -5*c + 264686 = 4*y, -3*y + 2*c + 198503 = -0*c. Is y prime?
True
Suppose -3*u = -8*u + 5*g + 10770, 2*u = -5*g + 4329. Suppose 0*w - u = -w + 4*v, 5*w = 4*v + 10769. Is w a prime number?
True
Let w = -531 - -1924. Is w a prime number?
False
Suppose -3 = -15*r + 57. Is r*(-18)/(-24) - -5614 a composite number?
True
Let l = 209 - 205. Is (2 + l + -5)/((-1)/(-1811)) a composite number?
False
Let u(l) = -6488*l + 7449. Is u(-34) a composite number?
True
Suppose 11*i - 50 = i. Suppose i*z - 33 = 2*j + 2*j, 5*j + 5 = -z. Let a(w) = -366*w**3 + 2*w**2 - 2*w - 5. Is a(j) a composite number?
True
Let a be 1/(-2)*(-1090 - -6). Let c = a - -3849. Is c prime?
True
Let l(b) = 30*b**2 + 277*b + 18. Is l(-75) a prime number?
False
Let b(p) be the third derivative of 529*p**4/24 - 173*p**3/6 + 2*p**2 - 229*p. Is b(4) a composite number?
True
Let h = 87489 - 3310. Is h a composite number?
False
Let s be (2/5)/((-19)/(-190)). Let m(j) = -j + 7. Let i be m(s). Suppose 999 = 3*r + i*y, 0 = -4*r - y - y + 1340. Is r composite?
False
Suppose -c + 111051 = -2*f - 6932, -3*f = -3*c + 353949. Is c composite?
True
Let f(l) = l**2 + 2*l - 1. Let m(i) = 9*i**3 - 12*i**2 - 58*i + 3. Let q(u) = 6*f(u) + m(u). Is q(20) composite?
True
Let n(p) = -2*p**3 + p**2 - p - 11. Let o be n(-3). Suppose -3*x + o = 34. Suppose -x*l - 3155 = -12*l. Is l composite?
False
Suppose 5*w + 27180 = m - 81743, 108939 = m - w. Is m prime?
True
Let t(i) = 16*i**2 - 25*i - 81. Is t(-52) composite?
False
Let m be (-1)/((77/61348)/(-11)). Let x = m - 4823. Is x composite?
True
Let q = 70 - 59. Is (481/(-2))/(q/(-22)) prime?
False
Suppose -6 = -15*w + 21*w. Let u(r) = -6*r + 4. Let x be u(w). Let v(h) = h**3 - 2*h**2 - 10*h - 23. Is v(x) a composite number?
False
Let s(h)